nds digit of 1393?
1
What is the units digit of 488?
8
What is the tens digit of 22569?
6
What is the thousands digit of 1380?
1
What is the tens digit of 4203?
0
What is the units digit of 89904?
4
What is the tens digit of 6237?
3
What is the tens digit of 3947?
4
What is the hundreds digit of 943?
9
What is the tens digit of 1604?
0
What is the thousands digit of 23842?
3
What is the hundreds digit of 1812?
8
What is the thousands digit of 1389?
1
What is the hundreds digit of 44218?
2
What is the thousands digit of 13770?
3
What is the units digit of 582?
2
What is the tens digit of 1206?
0
What is the thousands digit of 7223?
7
What is the thousands digit of 6021?
6
What is the tens digit of 10785?
8
What is the units digit of 287?
7
What is the tens digit of 625?
2
What is the units digit of 213?
3
What is the ten thousands digit of 21001?
2
What is the units digit of 289?
9
What is the ten thousands digit of 123633?
2
What is the tens digit of 1629?
2
What is the tens digit of 27421?
2
What is the hundreds digit of 4788?
7
What is the units digit of 2716?
6
What is the ten thousands digit of 18287?
1
What is the units digit of 6615?
5
What is the hundreds digit of 529?
5
What is the ten thousands digit of 17656?
1
What is the hundreds digit of 25992?
9
What is the ten thousands digit of 11972?
1
What is the tens digit of 42887?
8
What is the ten thousands digit of 13454?
1
What is the hundreds digit of 592?
5
What is the units digit of 1722?
2
What is the hundreds digit of 107475?
4
What is the thousands digit of 149048?
9
What is the thousands digit of 11741?
1
What is the thousands digit of 2188?
2
What is the units digit of 55323?
3
What is the ten thousands digit of 37259?
3
What is the tens digit of 31?
3
What is the thousands digit of 1283?
1
What is the hundreds digit of 34325?
3
What is the tens digit of 40543?
4
What is the ten thousands digit of 15274?
1
What is the units digit of 18881?
1
What is the hundreds digit of 6224?
2
What is the thousands digit of 3269?
3
What is the thousands digit of 2415?
2
What is the tens digit of 462?
6
What is the units digit of 5569?
9
What is the tens digit of 78?
7
What is the hundreds digit of 29027?
0
What is the tens digit of 3867?
6
What is the hundreds digit of 574?
5
What is the hundreds digit of 4415?
4
What is the units digit of 33325?
5
What is the thousands digit of 6368?
6
What is the tens digit of 43830?
3
What is the tens digit of 664?
6
What is the units digit of 264?
4
What is the tens digit of 18182?
8
What is the tens digit of 1358?
5
What is the hundreds digit of 70376?
3
What is the ten thousands digit of 55468?
5
What is the tens digit of 322?
2
What is the thousands digit of 3801?
3
What is the hundreds digit of 128180?
1
What is the hundreds digit of 1581?
5
What is the hundreds digit of 243?
2
What is the units digit of 2106?
6
What is the hundreds digit of 792?
7
What is the tens digit of 164?
6
What is the tens digit of 9356?
5
What is the tens digit of 850?
5
What is the tens digit of 3398?
9
What is the hundreds digit of 1239?
2
What is the tens digit of 668?
6
What is the hundreds digit of 4063?
0
What is the thousands digit of 103179?
3
What is the units digit of 1313?
3
What is the units digit of 519?
9
What is the hundreds digit of 1171?
1
What is the units digit of 74716?
6
What is the ten thousands digit of 27288?
2
What is the units digit of 2334?
4
What is the units digit of 5055?
5
What is the hundred thousands digit of 105314?
1
What is the units digit of 652?
2
What is the tens digit of 10812?
1
What is the hundreds digit of 1038?
0
What is the thousands digit of 1250?
1
What is the hundreds digit of 6788?
7
What is the thousands digit of 2331?
2
What is the units digit of 1337?
7
What is the hundreds digit of 905?
9
What is the hundreds digit of 19285?
2
What is the hundreds digit of 247?
2
What is the ten thousands digit of 83884?
8
What is the tens digit of 16674?
7
What is the units digit of 32183?
3
What is the ten thousands digit of 15915?
1
What is the ten thousands digit of 88205?
8
What is the units digit of 4812?
2
What is the ten thousands digit of 24667?
2
What is the hundreds digit of 468?
4
What is the units digit of 8170?
0
What is the units digit of 6360?
0
What is the tens digit of 49148?
4
What is the tens digit of 4968?
6
What is the hundreds digit of 15583?
5
What is the thousands digit of 161850?
1
What is the tens digit of 10541?
4
What is the hundreds digit of 5302?
3
What is the thousands digit of 11216?
1
What is the units digit of 1190?
0
What is the hundreds digit of 114?
1
What is the thousands digit of 13669?
3
What is the thousands digit of 2693?
2
What is the hundreds digit of 9981?
9
What is the hundreds digit of 4223?
2
What is the tens digit of 141?
4
What is the ten thousands digit of 46664?
4
What is the hundreds digit of 1621?
6
What is the units digit of 5343?
3
What is the hundreds digit of 52793?
7
What is the hundreds digit of 210?
2
What is the units digit of 3742?
2
What is the units digit of 613?
3
What is the units digit of 2541?
1
What is the ten thousands digit of 14075?
1
What is the thousands digit of 20560?
0
What is the thousands digit of 4142?
4
What is the units digit of 2874?
4
What is the tens digit of 1970?
7
What is the units digit of 145?
5
What is the tens digit of 1475?
7
What is the hundreds digit of 577?
5
What is the tens digit of 2486?
8
What is the tens digit of 42493?
9
What is the tens digit of 21039?
3
What is the tens digit of 27898?
9
What is the ten thousands digit of 10682?
1
What is the hundreds digit of 31708?
7
What is the tens digit of 2690?
9
What is the units digit of 20372?
2
What is the ten thousands digit of 24239?
2
What is the thousands digit of 86544?
6
What is the hundreds digit of 43219?
2
What is the units digit of 98?
8
What is the hundreds digit of 32356?
3
What is the units digit of 86471?
1
What is the tens digit of 53909?
0
What is the thousands digit of 1216?
1
What is the units digit of 998?
8
What is the thousands digit of 1485?
1
What is the thousands digit of 3368?
3
What is the tens digit of 10320?
2
What is the hundreds digit of 3299?
2
What is the tens digit of 3260?
6
What is the tens digit of 1606?
0
What is the units digit of 3532?
2
What is the thousands digit of 2389?
2
What is the tens digit of 2110?
1
What is the thousands digit of 1602?
1
What is the hundreds digit of 320?
3
What is the tens digit of 2430?
3
What is the thousands digit of 14539?
4
What is the thousands digit of 4378?
4
What is the units digit of 3852?
2
What is the units digit of 2124?
4
What is the units digit of 589?
9
What is the units digit of 43393?
3
What is the units digit of 51655?
5
What is the ten thousands digit of 10968?
1
What is the tens digit of 1378?
7
What is the tens digit of 848?
4
What is the hundreds digit of 521?
5
What is the thousands digit of 7226?
7
What is the thousands digit of 29280?
9
What is the thousands digit of 14158?
4
What is the ten thousands digit of 21445?
2
What is the units digit of 703?
3
What is the units digit of 1663?
3
What is the units digit of 8265?
5
What is the units digit of 3213?
3
What is the thousands digit of 171656?
1
What is the hundreds digit of 15627?
6
What is the tens digit of 58311?
1
What is the thousands digit of 44747?
4
What is the units digit of 730?
0
What is the hundreds digit of 4201?
2
What is the hundreds digit of 275?
2
What is the thousands digit of 4300?
4
What is the hundreds digit of 2573?
5
What is the units digit of 10144?
4
What is the units digit of 10026?
6
What is the units digit of 992?
2
What is the units digit of 6427?
7
What is the units digit of 77233?
3
What is the hundreds digit of 38973?
9
What is the tens digit of 7258?
5
What is the units digit of 741?
1
What is the tens digit of 1158?
5
What is the tens digit of 656?
5
What is the units digit of 4066?
6
What is the units digit of 1221?
1
What is the ten thousands digit of 131754?
3
What is the thousands digit of 33767?
3
What is the thousands digit of 1906?
1
What is the thousands digit of 3770?
3
What is the tens digit of 202?
0
What is the units digit of 7356?
6
What is the units digit of 1896?
6
What is the units digit of 1029?
9
